+ -148. Suppose -s*v + 2920 = -6*v. What is the hundreds digit of v?
3
Suppose 7*x - 147 = -77. What is the hundreds digit of 5 + (-65)/x + (-4719)/(-6)?
7
Let q(l) = -l**3 - l**2 + 2*l + 10. Let i be q(-4). Let d = 60 - i. Let t = d + 11. What is the tens digit of t?
2
Suppose 5*r = a - 323, 0*r + 4*a = 2*r + 122. Let o be (120/(-50))/(2/r). Suppose -5*m - m = -o. What is the tens digit of m?
1
Let l(m) = 12*m**2 - 21*m. Let f = 134 - 128. What is the tens digit of l(f)?
0
Let p be 4658 - 9/((-27)/6). Let f be (36/15 + -2)*p. Suppose -5*n + f = 3*n. What is the units digit of n?
3
Let i = 4517 - 487. What is the units digit of i?
0
Let b = 12604 - 8768. What is the tens digit of b?
3
Suppose -15*x - 8 + 38 = 0. What is the tens digit of ((-68)/(-3))/(x/27)?
0
Suppose 69*x + 67*x - 1497700 = 68*x. What is the ten thousands digit of x?
2
Let b(m) = m**2 - 2*m - 58. Let h be b(-7). Suppose -r + 4*x = -757, -r + 5*x = -h*r + 3112. What is the hundreds digit of r?
7
Suppose -3 = -2*f - 4*a - 15, 3*f - a = 10. Suppose -12 - f = -7*k. What is the units digit of 10 + 3 + 2 - k?
3
Suppose -x - 4*l = 18, 8 + 9 = -4*x - 5*l. Let y(v) = -x - 2*v + 13*v - 23. What is the tens digit of y(14)?
2
Suppose -4*n - 507 = -5*p, 0*p = -3*n - 4*p - 388. Suppose -2*u - 94 + 26 = 2*x, x - 4*u + 44 = 0. Let j = x - n. What is the units digit of j?
2
Suppose -47*x = -548081 + 153751. What is the thousands digit of x?
8
Let z = 16626 + -8387. What is the hundreds digit of z?
2
Let c(j) = 18*j + 5. Let l be c(0). Suppose -2038 = -l*g + 2*g - 2*x, -3*g + 4*x = -2044. What is the hundreds digit of g?
6
Let v(l) = 2*l**3 + l - 14. Let o be 0/(3*2/(-3)). Let u be v(o). Let g = 46 - u. What is the units digit of g?
0
Let z(p) = 2*p + 25. Let r = 47 - 57. Let w be z(r). Let v(s) = 12*s + 10. What is the tens digit of v(w)?
7
Let n = 18215 + -10522. What is the units digit of n?
3
Suppose -23*y - 315 = -8*y. What is the tens digit of ((-248)/16)/((-1)/(-2))*y?
5
Let i be 7/(-14) + (-94)/4. Suppose -3*q = -3*x + 180, 86 + 106 = 3*x + 3*q. Let w = x + i. What is the tens digit of w?
3
Suppose 3*j - 1890 = p + 2*p, 3*p = 0. Let y = j - 2. What is the tens digit of y?
2
Suppose 5*f + 4*n + 13580 = 0, 3*f = 2*n - 6035 - 2113. Let g = f + 4092. What is the units digit of g?
6
Let b(y) = -y**3 - 11*y**2 + 26*y + 4. Let i be b(-13). Suppose -i*o = 1443 - 3523. Suppose -105 = -5*l + o. What is the units digit of l?
5
Suppose 0*r + 3*r = -5*l - 89, 103 = -3*r + 2*l. Let d = r - -196. What is the tens digit of d?
6
Let a(o) = -8*o + 157. Let y be a(19). Suppose 48456 = -y*l + 41*l. What is the units digit of l?
6
Let t = 119 + -114. Suppose 0 = 3*y + 3*m - 135, t*y - m = 3*m + 261. What is the tens digit of y?
4
Suppose -4*t = -16 - 88. Let k be 0/1 - t*-5. Suppose 0 = -9*c + 10*c - k. What is the units digit of c?
0
Let r(u) = 7*u**3 + 4*u**2 - 5. Suppose 0 = 4*m - m - 21. Suppose 5*f + 3*x - m + 0 = 0, 0 = -5*f - 2*x + 8. What is the tens digit of r(f)?
6
Let m(p) = 3*p**2 + 7*p - 2. Let t be m(-3). Suppose -2*q + x = -3*q + 231, t*q - 921 = -x. What is the units digit of q?
0
Let d(b) = -120*b - 1. Let a be d(-1). Suppose 207 = -2*z + 47. Let q = a + z. What is the units digit of q?
9
Let w = 575 - 579. Let r = -6 - -10. What is the units digit of ((-222)/w)/(2/r)?
1
Suppose -6*m + 28 = -2. Suppose m*c + 17 = 4*a, 5*a + 3*c - 4*c = 16. Suppose a*j - 13 = -1. What is the units digit of j?
4
Let t(b) = 5*b**2 + 9*b - 469. What is the thousands digit of t(23)?
2
Suppose -399 = -5*i - 139. Suppose i*t + 191 = 53*t. What is the hundreds digit of t?
1
Let y(p) be the first derivative of -117*p**2/2 - 2*p - 21. Let u be y(-1). What is the tens digit of u + 4 + (-3)/1?
1
Let s = 884 - -706. Suppose 186*u - 181*u = s. What is the tens digit of u?
1
Let l = -1384 + 1385. Let v(z) = 7*z - 6 + 218*z**2 - 107*z**2 + 172*z**2. What is the hundreds digit of v(l)?
2
Let i = 104 - 29. Suppose -3*y = -j - j + 35, -5*j - 5*y + i = 0. Suppose 4*x - 50 = -2*s, s - 19 - j = 3*x. What is the tens digit of s?
2
Suppose 12*x = 5*p + 16*x - 10, 3*p - 2*x = -16. What is the tens digit of ((-63)/27 - p) + 3560/6?
9
Let d(y) = -2*y**3 + 18*y**2 - 4*y - 11. Suppose -3*w = 0, -20 = 4*h + 2*w + 28. Let m be (-2)/4*(h - 2). What is the hundreds digit of d(m)?
1
Let o(z) = -8*z**3 + 3*z**2 + 3*z. Suppose 4*b + 4*v = -1 - 3, 5*v - 5 = 0. Let c be o(b). Let w = c + -36. What is the tens digit of w?
3
Let i(p) = -17*p - 5. Let q be i(-1). Suppose 5*j - q = 2*j, -3*k - 3*j = -1785. What is the tens digit of k?
9
Let q be 0 - 4/(-10) - 669/(-15). Suppose 0 = 3*z - 0*z - q. Let o = z + -7. What is the units digit of o?
8
Suppose -10*l = -5*l - 180. What is the hundreds digit of 9612/l - -1*2?
2
Let w be 0/(-2) + 0 + 5. Suppose w*l + 83 = -7. What is the units digit of l/(-63) - 939/(-21)?
5
Let v = 37397 + -23021. What is the units digit of v?
6
Let b be (8/6 - 11/6)*-166. Let q = b - -667. What is the tens digit of q?
5
Let k(a) = a**3 - 4. Let p be k(-4). Let v = -1571 - -1685. Let g = v + p. What is the units digit of g?
6
Suppose -14*a + a = 0. Let r be (2/8 - a)*20. Suppose -r*q = 20, 2*q + 4 = -4*m + 316. What is the tens digit of m?
8
Suppose 15 = -3*v, 13*v - 9*v + 29 = 3*n. Suppose -l = 5*t - 338, -8*l + n*l = -t + 78. What is the units digit of t?
8
Suppose -6 = -5*k + f, k - 18 = -4*k - 2*f. Suppose -3*d - 4*v + k + 10 = 0, 4*d = 5*v - 15. Suppose -5*q - 9*q + 1148 = d. What is the units digit of q?
2
Let l = 19228 + -9438. What is the units digit of l?
0
Suppose -5*f = 3*c - 38111, -5*f = -3*c - 28262 - 9867. What is the thousands digit of f?
7
Suppose -x = -24*z + 22*z + 2031, 0 = 4*z - 3*x - 4059. What is the thousands digit of z?
1
Suppose 4*v + 398 = 3*b - 4*b, -2*v + 1902 = -5*b. Let u = b - -426. What is the units digit of u?
4
Let s(q) = -139*q - 434. What is the tens digit of s(-5)?
6
Suppose -j - 1 = j - u, -4*j = -4*u + 12. Suppose -5*q - j*b = -3*b - 1110, -4*q + 909 = -5*b. What is the tens digit of q?
2
Let h = 13622 - 5957. What is the thousands digit of h?
7
Let g = -392 + 188. Let d = g + 417. Suppose -9*b - d = -12*b. What is the units digit of b?
1
Let b(t) be the second derivative of 7*t**3/6 - 5*t**2 + 3*t + 32. Let w be -25*5/((-75)/9). What is the units digit of b(w)?
5
Let f(j) = 606*j**2 + 2*j - 3. Let g be f(1). Let b = 965 - g. Suppose -5*i = -c - b, 4*i - c - 288 = 4*c. What is the tens digit of i?
7
Let p be 27/63 - 75/(-21). Let m(y) = 11*y**2 + 8*y - 14. What is the tens digit of m(p)?
9
Let n(v) = 58*v - 1391. What is the tens digit of n(41)?
8
Let g(b) = b**2 + 7*b - 15. Let t be g(-9). Suppose -2*j = -t*j - 5*z + 178, 3*j = -5*z + 584. Let y = j - 103. What is the hundreds digit of y?
1
Suppose -4*i = -2*d - 34, d - 27 = -3*i + 3*d. Suppose 4*u = i*u. Suppose u = 5*z - 28 + 3. What is the units digit of z?
5
Suppose 5*w + 101 = 126. Suppose 0 = 4*j + w*z - 1712, -3*j + 3*z - z = -1284. What is the hundreds digit of j?
4
Let o be (-7)/28*164 - (-10)/(-2). What is the hundreds digit of 39606/45 - o/(-345)?
8
Let u be -1 + 6 - -1599 - -4. Let c = u + -404. What is the thousands digit of c?
1
Let v(d) = 18*d + 38. Let t be v(-2). Suppose 2151 = 5*y + 4*g, 0 = 3*y - 0*y - t*g - 1273. What is the units digit of y?
7
Let h(j) = -39*j + 102. Let m be h(-13). Suppose 21*r = 693 + m. What is the units digit of r?
2
Let m = 1458 - -30864. What is the thousands digit of m?
2
Let y be (-249)/(-27) - 20/90. Let j be (137/3)/(3/y). Let s = j - 103. What is the units digit of s?
4
Suppose 2*q - 4*n = -3692, 2*n - 6939 = 3*q - 1397. What is the units digit of q/(-5) - (6 + 224/(-35))?
0
Suppose 10*m + 1785 = 3*m. Let r = 407 + m. What is the tens digit of r?
5
Let b(w) = 3*w**3 + 15*w**2 + 10*w - 2. Let o(f) = -5*f**3 - 30*f**2 - 20*f + 2. Let p(x) = -7*b(x) - 4*o(x). What is the tens digit of p(9)?
8
What is the units digit of 17/((-238)/(-6832)) + 1 + 0?
9
Let d = -147 - -231. Suppose 5*r + 107 = a, -3*r + 4*a = 19 + 35. Let m = d + r. What is the tens digit of m?
6
Suppose -4*f = 2*f - 36. Suppose -f*j + 1081 = -683. What is the hundreds digit of j?
2
Suppose 715 - 5263 = -12*u. Suppose -7*m + 1639 = u. What is the hundreds digit of m?
1
Let o = -2406 + 16267. What is the ten thousands dig